Let g(h) = -7*h**3 - 70*h - 69. Calculate g(-1).
8
Let r(k) = k**3 - 12*k**2 + 9*k + 44. Give r(9).
-118
Let k(f) = -9196*f + 27634. Give k(3).
46
Let i(v) = 25*v - 86. What is i(9)?
139
Let x(u) = 33*u**2 - 667*u + 163. Calculate x(20).
23
Let g(a) = -a**3 + 17*a**2 - 72*a - 3. What is g(7)?
-17
Let k(l) = -6*l - 100. Give k(-30).
80
Let o(s) = 2*s**3 + 9*s**2 - 3*s + 5. Calculate o(4).
265
Let x(b) = 20*b - 101. Determine x(5).
-1
Let o(j) = j**3 - 8*j**2 + 15*j + 1. What is o(3)?
1
Let x(t) = t**2 - 7*t + 29. Determine x(-9).
173
Let a(p) = 150*p - 2251. Determine a(15).
-1
Let p(s) = 3*s**2 + 110*s - 1185. What is p(9)?
48
Let l(x) = 17*x**2 - 35*x. Calculate l(3).
48
Let b(w) = w**2 + 44*w + 174. What is b(-40)?
14
Let s(v) = -119*v - 1043. What is s(-9)?
28
Let x(d) = 6*d**2 + 323*d - 35. Determine x(-54).
19
Let u(g) = 5561*g - 22217. Give u(4).
27
Let m(l) = -l**2 - 29*l + 7597. Calculate m(-103).
-25
Let g(i) = i**3 - 10*i**2 + 434*i - 4878. Give g(11).
17
Let g(t) = -109*t + 208. Calculate g(6).
-446
Let f(h) = -h**3 + 19*h**2 + 25*h - 87. Determine f(20).
13
Let g(u) = u**3 + 151*u**2 - 86*u + 10039. What is g(-152)?
7
Let d(a) = -a**3 + 13*a**2 + 5*a + 20. Give d(13).
85
Let l(k) = k**3 - 50*k**2 + 196*k - 559. Calculate l(46).
-7
Let m(n) = -n**3 - 11*n**2 - 20*n - 171. Give m(-10).
-71
Let l(z) = z**2 - 1162*z - 5842. Calculate l(-5).
-7
Let h(w) = w**3 - 6*w**2 + 14*w - 71. What is h(6)?
13
Let x(a) = a**2 + 101*a + 591. Give x(-95).
21
Let j(o) = 19*o**3 + o**2 + 5*o - 8. Determine j(1).
17
Let q(v) = 11*v - 309. Determine q(40).
131
Let u(s) = 5*s - 246. What is u(36)?
-66
Let y(o) = -o**2 - 336*o - 4214. Determine y(-13).
-15
Let i(r) = -35*r - 137. What is i(-7)?
108
Let s(a) = 3*a**2 - 149*a + 366. Give s(47).
-10
Let y(n) = 42*n - 3564. Calculate y(86).
48
Let s(g) = -g**2 - 37*g + 157. What is s(6)?
-101
Let v(h) = 4*h**2 + 25*h + 34. What is v(-13)?
385
Let w(s) = -15*s**2 + 51*s + 11. Determine w(3).
29
Let r(w) = -w**2 - 140*w + 15545. Give r(-213).
-4
Let y(u) = u**2 - 16*u + 8. Determine y(18).
44
Let f(s) = -453*s + 6317. Give f(14).
-25
Let r(v) = v**2 + 2*v - 31. What is r(3)?
-16
Let n(t) = -2*t**2 + 5*t + 479. Calculate n(-13).
76
Let i(y) = 8*y - 111. Calculate i(14).
1
Let f(i) = -117*i + 111. Calculate f(3).
-240
Let j(y) = y**2 + 17*y + 65. Determine j(-5).
5
Let h(a) = -a**3 + 4*a**2 - 78*a + 4. Determine h(0).
4
Let x(k) = 316*k. Give x(1).
316
Let g(k) = -15*k**2 + 508*k + 47. Give g(34).
-21
Let k(x) = 33*x**2 - 883*x - 189. What is k(27)?
27
Let m(r) = 44*r**2 + 216*r - 17. What is m(-5)?
3
Let c(o) = 83*o - 392. Determine c(5).
23
Let g(h) = 45*h + 61. Determine g(4).
241
Let q(j) = -j**2 + 23*j - 21. Determine q(21).
21
Let m(h) = 38*h + 169. Determine m(17).
815
Let b(g) = -44*g + 270. Determine b(14).
-346
Let z(u) = -10*u**2 + 11*u + 13. What is z(-1)?
-8
Let j(b) = -b**3 - 3*b**2 + 16*b - 5. Give j(-6).
7
Let v(y) = -y + 56. Calculate v(46).
10
Let h(n) = -58*n**3 - 3*n**2 + 3*n + 2. Give h(2).
-468
Let p(y) = -2*y**3 + 34*y**2 + 38*y - 36. Determine p(18).
0
Let s(x) = 3*x**2 - 40*x - 273. Give s(-7).
154
Let h(z) = z**2 + 43*z + 152. Determine h(-42).
110
Let r(y) = y**3 + 22*y**2 - 29*y - 1. Give r(-23).
137
Let c(m) = 32*m - 259. Calculate c(8).
-3
Let o(u) = -3*u**3 - 5*u**2 - 6*u - 38. What is o(-3)?
16
Let k(o) = o**3 - 11*o**2 + 50*o - 134. What is k(8)?
74
Let h(z) = -z**3 + 6*z**2 + 11*z + 6. What is h(7)?
34
Let h(d) = -7*d - 657. Determine h(-37).
-398
Let f(p) = 5*p**3 + 20*p**2 + 4*p + 16. Determine f(-4).
0
Let p(s) = -14*s - 553. What is p(-39)?
-7
Let b(n) = 4*n - 163. Give b(72).
125
Let g(k) = -64*k - 1334. Determine g(-23).
138
Let s(b) = 1120*b + 51525. What is s(-46)?
5
Let f(y) = -58*y**2 + 55*y - 53. Calculate f(1).
-56
Let d(l) = l**2 - 67*l + 570. Give d(10).
0
Let f(u) = 6*u**2 + 356*u - 3263. Calculate f(8).
-31
Let i(d) = -8*d**3 + d**2 + 47*d - 47. Give i(1).
-7
Let t(j) = 2*j**2 + 117*j + 535. Determine t(-5).
0
Let c(i) = i**3 + 82*i**2 + 1428*i + 44. Determine c(-25).
-31
Let z(n) = 6*n**2 - 13*n + 3. Give z(1).
-4
Let y(o) = -o**3 + 14*o**2 - 8*o - 178. Calculate y(12).
14
Let v(z) = -7*z + 113. Determine v(-1).
120
Let p(b) = 8*b**3 + 2626*b**2 + 657*b + 322. Calculate p(-328).
-6
Let i(x) = -216*x**2 - 4*x + 6. What is i(2)?
-866
Let r(m) = m**3 + 4*m**2 - 7*m - 20. Calculate r(-7).
-118
Let a(u) = -117*u + 1410. What is a(12)?
6
Let n(j) = -7*j**3 - 225*j**2 + 17*j + 1539. What is n(-32)?
-29
Let a(o) = -11*o + 208. Give a(21).
-23
Let u(p) = -p**3 + 11. What is u(-4)?
75
Let i(k) = -3737*k - 26168. Calculate i(-7).
-9
Let b(j) = j**2 + 22*j + 146. Determine b(-13).
29
Let d(q) = -q**2 - 1009*q - 21742. Give d(-22).
-28
Let b(u) = -2*u - 56. Calculate b(-31).
6
Let o(c) = c**2 - 94*c + 1505. Determine o(68).
-263
Let f(z) = 8*z - 137. What is f(16)?
-9
Let p(n) = -608*n + 34653. What is p(57)?
-3
Let t(m) = m**3 - 2*m**2 - 2*m + 16. Calculate t(6).
148
Let l(t) = t**2 + 21*t + 2. Calculate l(-6).
-88
Let u(p) = 29*p + 63. Determine u(-2).
5
Let x(a) = -a**2 + 13*a + 46. Give x(8).
86
Let z(t) = -t**3 + 39*t**2 - 309*t - 44. Give z(28).
-72
Let q(l) = 2*l**2 - 6*l - 45. Give q(6).
-9
Let t(j) = -5*j**2 + 149*j + 584. Calculate t(33).
56
Let m(r) = 3*r**3 + 7*r**2 - 22*r - 54. Give m(-2).
-6
Let d(h) = -115*h + 7704. Determine d(67).
-1
Let h(w) = -3*w**3 - 2*w**2 - 34*w + 38. Give h(1).
-1
Let o(g) = 19*g**3 + 5*g**2 + 7*g + 5. Give o(-1).
-16
Let h(y) = -y**2 - 50*y - 401. Determine h(-42).
-65
Let y(h) = 204*h - 2517. Determine y(12).
-69
Let x(v) = -94*v - 916. What is x(-9)?
-70
Let y(j) = -8*j**2 + 9*j - 13. Determine y(7).
-342
Let l(g) = -g**2 + 2*g + 8. What is l(9)?
-55
Let p(j) = j**3 + 24*j**2 + 146*j - 25. Determine p(-17).
-484
Let a(v) = -5*v**2 + 25*v + 41. Determine a(-2).
-29
Let r(c) = 244*c - 1478. Give r(5).
-258
Let c(a) = 363*a + 1129. Give c(-3).
40
Let r(x) = -1107*x - 4268. Give r(-4).
160
Let t(c) = -421*c - 24859. What is t(-59)?
-20
Let b(t) = -t - 70. What is b(-51)?
-19
Let t(d) = -2*d**2 + 8*d + 84. Give t(-7).
-70
Let h(g) = -264*g - 1303. What is h(-5)?
17
Let n(u) = -2*u**2 - 19*u - 173. What is n(-17)?
-428
Let p(j) = -j**3 - 27*j**2 - 158*j + 63. Calculate p(-18).
-9
Let h(r) = -21*r**2 - 3*r + 3. Determine h(1).
-21
Let o(x) = -x**3 - 50*x**2 - 64*x + 1543. What is o(-48)?
7
Let x(r) = 999*r + 53948. Give x(-54).
2
Let m(l) = -669*l + 2683. What is m(4)?
7
Let b(k) = -201*k - 2115. Give b(-10).
-105
Let q(m) = -m**3 + 13*m**2 + 10*m - 23. Determine q(13).
107
Let z(s) = 2*s**2 + 76*s - 27. Give z(-37).
-101
Let d(s) = -2*s**3 - 110*s**2 + 6*s + 156. What is d(-55)?
-174
Let a(f) = -f**2 + 30*f - 199. Give a(9).
-10
Let p(w) = 4*w**2 - 15*w + 23. What is p(5)?
48
Let t(r) = 1044*r + 12523. Determine t(-12).
-5
Let m(x) = 19*x**2 + 183*x + 243. Give m(-8).
-5
Let c(h) = -h**3 + 21*h**2 + 118*h - 2739. What is c(20)?
21
Let f(l) = 28*l**3 - l**2 + 130*l - 130. Calculate f(1).
27
Let q(g) = 10*g**3 - 140*g**2 + 5*g - 69. What is q(14)?
1
Let v(g) = g**3 - g**2 + 5*g - 29. Determine v(3).
4
Let m(o) = -3*o**2 - 32*o - 74. Give m(-2).
-22
Let h(y) = -2*y**3 + y**2 - 10*y - 11. Calculate h(-2).
29
Let p(v) = 3*v**2 - 30*v - 67. Give p(-2).
5
Let s(b) = 8*b**2 + 8*b - 212. Calculate s(6).
124
Let f(l) = -2*l**3 - 24*l**2 + 12*l + 186. Determine f(-12).
42
Let g(i) = -i**2 + 49*i - 207. What is g(5)?
13
Let d(k) = 23*k - 502. Determine d(24).
50
Let u(f) = 7104*f - 518587. Give u(73).
5
Let v(g) = -512*g - 6658. Determine v(-13).
-2
Let s(v) = 192*v - 20933. Determine s(109).
-5
Let j(y) = -3*y**3 + 46*y**2 - 111*y - 107. Give j(12).
1
Let k(v) = 6*v**3 - 23*v**2 + 19*v - 33. Determine k(5).
237
Let v(y) = y**2 - 72*y + 263. Give v(68).
-9
Let p(b) = -b**3 + 10*b**2 - 377*b + 2501. Determine p(7).
9
Let j(u) = 10*u**3 - 6*u**2 + 9*u - 12. Calculate j(2).
62
Let c(q) = 5*q**3 - 657*q**2 - 396*q - 12. Calculate c(132).
-12
Let z(h) = -12*h**2 - 8*h + 7. Give z(-4).
-153
Let n(r) = r**2 - 52*r + 418. What is n(10)?
-2
Let a(y) = -y**2 + 25*y - 131. What is a(13)?
25
Let d(n) = -9*n + 151. Calculate d(0).
151
Let x(p) = 2*p**3 - 29*p**2 + 61*p + 48. Determine x(11).
-128
Let m(u) = -85*u + 23. What is m(3)?
-232
Let o(t) = t**3 + 19*